e prime factors of m(7).
2, 3, 13
Suppose 0 = -4*i + 5*i - 3*d - 193, -4*d = -16. What are the prime factors of i?
5, 41
Let i(k) = -3*k + 10. What are the prime factors of i(-15)?
5, 11
Suppose -38 = 5*p + 42. Let b = p + 49. List the prime factors of b.
3, 11
Let y = 14 - 11. What are the prime factors of y?
3
Suppose 0 = -3*v + a + 32, 3*v + a = 2*v + 16. Suppose -2*p + 6*p - 76 = 2*n, 3*n = -v. List the prime factors of p.
17
Suppose 4*o + 48 = -0. Let a = -5 - o. List the prime factors of a.
7
Let x = -8 - -14. Suppose -5*t = -2*t + x. What are the prime factors of -2 + 6 + 0 + t?
2
Let a(g) = -g + 21. List the prime factors of a(-11).
2
Suppose -4*a + 26 = -3*x - 2*x, 2*a - 5*x = 8. Let k = 10 - a. List the prime factors of 1/(k/(19 - 1)).
2, 3
Let y = -74 + 149. Suppose -6*j + j + y = 0. List the prime factors of j.
3, 5
Suppose -l = 4*l - 20. Let y = -4 - -8. Suppose -y = -l*z + 8. What are the prime factors of z?
3
Let w(x) = -6*x. Let s be (-11)/4 + (-2)/8. What are the prime factors of w(s)?
2, 3
Let n(d) = -8*d**3 - 4*d**2 - 3*d - 2. Let l be n(-2). Let t = 96 - l. What are the prime factors of t?
2, 11
Let p(v) be the third derivative of v**4/6 - v**3/6 + 2*v**2. Let q be p(6). Suppose 4*m - 7 = -q, -m + 12 = 2*x. List the prime factors of x.
2
Suppose -58 = -5*f + 3*s, 4*f + s - 43 = -0*s. What are the prime factors of f?
11
Suppose 0*i = -i - 3*j + 137, 521 = 4*i + 3*j. List the prime factors of i/(-40)*(-4 + -1).
2
Let i(z) be the second derivative of -z**4/12 - z**3 + 5*z**2 + z. List the prime factors of i(-7).
3
Suppose -5*g - 2*m + 18 = 0, -5*g = -4*m - 28 + 4. List the prime factors of g.
2
Let v(p) be the first derivative of -p**5/120 - p**4/24 + 2*p**3/3 - 2. Let u(z) be the third derivative of v(z). What are the prime factors of u(-8)?
7
Let g(t) = 10*t - 15. List the prime factors of g(8).
5, 13
Suppose 7*x - 10 = 2*x. Let t(d) = 7*d**2 - 7*d - 6. Let z(a) = -a**2 + a + 1. Let u(l) = t(l) + 6*z(l). What are the prime factors of u(x)?
2
Let a = -6 - -1. Let u(q) = q**3 + 5*q**2 + 3. List the prime factors of u(a).
3
Suppose -4*p + 8 = -y, y = -0*p - 4*p + 8. Let g be 6 + 4 + (0 - p). Let j = g + -2. What are the prime factors of j?
2, 3
Let i(z) = -z + 15. List the prime factors of i(-14).
29
Suppose q - 5 = -0*q, 0 = -4*n + 5*q - 5. Suppose 9*j - 4*j = 3*h + 154, h = -n*j + 142. What are the prime factors of j?
29
Suppose 4*a - 5*a = -17. Let b = 25 - a. List the prime factors of b.
2
Suppose 4*w - 5 = 2*b + 5, -w + 4*b = 1. Suppose 0 = w*m + 3*j - 3, -m = -2*m - 4*j - 5. Suppose 0 = -2*k + m + 3. What are the prime factors of k?
3
Suppose 0 = k + x - 13, -k - 3*x = 4*k - 57. What are the prime factors of k/(-6)*(-52)/6?
13
Let w(b) = -16*b + 21. What are the prime factors of w(-4)?
5, 17
Let n = -8 - -6. Let o be n/4*0/(-2). List the prime factors of (10 - o/(-3)) + 2.
2, 3
Suppose 3*d - 42 = 45. Let p be (-4)/2 + d - 0. Suppose 0*m = 4*j + 5*m - 19, -2*j = -m - p. What are the prime factors of j?
11
Let q be 5 + -5 - (0 - -9). Let c = 14 + q. List the prime factors of c.
5
Suppose -s + 3*n = -0 - 4, -36 = -3*s - 3*n. List the prime factors of 138/s - (-2)/10.
2, 7
Suppose -7*d + 3*d = -132. List the prime factors of d.
3, 11
Suppose 5*w = -3*n - 3 + 19, 4*w = 4*n. What are the prime factors of 1/(n/22 + 0)?
11
Let h(k) = k**3 - 7*k**2 + 5*k - 3. Let l be h(6). Let n = l + 44. What are the prime factors of n?
5, 7
List the prime factors of ((-12)/14)/(5/(-665)).
2, 3, 19
Suppose b = d + 101, 3*d = -5 + 20. List the prime factors of b.
2, 53
Suppose -2*s + 2*o - 3*o + 319 = 0, -s - o + 162 = 0. List the prime factors of s.
157
Let n(g) be the second derivative of g**4/12 - g**3/6 + g**2/2 + 4*g. List the prime factors of n(5).
3, 7
Let u(j) = -j**2 - 8*j - 4. Let l be u(-6). Suppose -2*h = l, 2*y + 3*h = 3*y - 25. What are the prime factors of y?
13
What are the prime factors of 5/(30/(-4)) + 497/3?
3, 5, 11
Let q be 3/(-1) + 3 + -5. Let j(p) = -p**2 - 6*p + 6. What are the prime factors of j(q)?
11
What are the prime factors of (-2 + 291/6)/((-2)/(-4))?
3, 31
Suppose 5*p - 36 = -4*v, p + 2*v - v - 8 = 0. Suppose t + p*t - 10 = 0. What are the prime factors of t?
2
Let k be (-8)/(-4) - (0 - 0). Suppose 2*m = 2*n + 18, 0 = 2*m + k*m - n - 39. Suppose 5*p + 0*t - 55 = 5*t, 0 = -5*t - m. What are the prime factors of p?
3
Let v = 3 + -2. Let m = v + 3. Suppose 0 = m*o - 2*o + 5*l - 41, 5*o - 3*l - 25 = 0. What are the prime factors of o?
2
Let t be ((-18)/(-15))/(6/20). Suppose 4 = -t*w + 2*r + 2*r, 4*r = w + 10. What are the prime factors of (w/2 - -10)*1?
11
Suppose -5*x = -4*n + 448, -4*n + 3*n + 127 = -5*x. What are the prime factors of n?
107
Let k(w) = -w**3 - 11*w**2 - 3. Let c be k(-11). List the prime factors of (1/c)/(2/(-18)).
3
List the prime factors of 4/(-6)*(-144)/((-36)/(-6)).
2
Let d = -9 - -2. Let h = 5 - d. What are the prime factors of h?
2, 3
Suppose -2*c - 1 = 5*t - 3*c, -5*c + 5 = 0. Suppose 35 = 5*f - t*f. Suppose -2*s - f = -3*s. List the prime factors of s.
7
Let f(l) = l**2 - 6*l + 7. Let k be f(7). Suppose -4*z + k = 3*p, 4*z = -4*p - 0*z + 16. Suppose -18 = -5*d + p. What are the prime factors of d?
2
Let s = 276 + -41. What are the prime factors of s?
5, 47
Suppose 0 = 2*o + 3*o. Let h(u) = o*u**2 + 0*u - u**2 + 0*u**2 - 5 + 10*u. List the prime factors of h(9).
2
Suppose -p + 3*m + 25 = 0, -2*m - 6 = -p + 22. What are the prime factors of (p/14 - 1)*7?
2, 5
Let o(y) = 10*y**2. Let t be (2/3 - 0)*3. Suppose -5*v + 2 = -w - 4, 5*w = t*v - 7. List the prime factors of o(w).
2, 5
Suppose 5*w - 80 = 5*a, 0 = 2*w - 5*a + 2*a - 33. What are the prime factors of w?
3, 5
Suppose -154 = -b - j, 2*j + 788 = 5*b - 2*j. List the prime factors of b.
2, 3, 13
Let o(c) = -c + 4. Let h be o(0). Suppose 2*s = 22 - h. List the prime factors of s.
3
Let u(c) = -c**2 - 10*c - 8. Let a be u(-9). Let z be a + (2 - (-1 - -2)). Suppose -d + z = -4*i + 7, -3*d + 5*i = -13. List the prime factors of d.
11
Suppose 12*s - 5002 = -1114. List the prime factors of s.
2, 3
List the prime factors of 5*6/(-45)*-21.
2, 7
Let d(c) = -5*c + c + 6*c - 3*c. Let m be d(-1). Let x = 7 + m. What are the prime factors of x?
2
Suppose 0 = -23*q + 16*q + 217. List the prime factors of q.
31
List the prime factors of 41980/180 + 4/(-18).
233
Let u be (-10)/25 - 6/(-15). Suppose u = -0*q - q + 16. List the prime factors of q.
2
Suppose 304 = 3*d - a, 6*d = d + 2*a + 505. What are the prime factors of d?
103
Let h = -157 - -273. What are the prime factors of h?
2, 29
Let h(z) = -z**3 - 2*z**2 + 4*z. Let i be h(-3). Let y be -2 + (i - (-6)/2). What are the prime factors of y/(-5) - (-612)/45?
2, 7
Let b be (-5)/(-1)*(-5)/5. What are the prime factors of (b/5)/((-2)/28)?
2, 7
Let z(u) = -u + 17. Let a(t) = -8*t + 7. Let o(c) = 9*c - 8. Let i(p) = 7*a(p) + 6*o(p). Let m be i(-4). What are the prime factors of z(m)?
2
Let u(l) = -2*l - 1. Let h be u(-8). What are the prime factors of (-20)/h*9/(-2)?
2, 3
Let q be 6/4*40/15. Suppose q*s = -4 + 116. What are the prime factors of s?
2, 7
Let v = -55 - -35. List the prime factors of v*(3 + 51/(-15)).
2
Let g(k) = -k + 3. Let x be g(3). Let i = -15 + 37. Suppose -i = -j + 3*u - x, 0 = -4*j + u + 55. List the prime factors of j.
13
Suppose 2*h - 6 = -h. Suppose -h*b = 3*b. Suppose b = 2*v - 4 - 4. What are the prime factors of v?
2
Suppose -r + 21 = -3*o - 56, 5*r = -3*o - 101. What are the prime factors of ((-2)/6)/(1/o)?
3
Suppose -4*i + 2*g = -24, 3*i - g = 3*g + 23. List the prime factors of (-9)/(-15)*1*i.
3
Let i(h) = h - 12. Let z be i(11). Let b(d) = 4*d + 1. Let v(x) = -x + 1. Let q(m) = z*b(m) - 3*v(m). List the prime factors of q(-12).
2
Let d(u) = -u + 6. Let m be d(7). List the prime factors of (m - 2) + 22 + 2.
3, 7
Let t = 674 - 468. What are the prime factors of t?
2, 103
Suppose 319 - 3 = 4*k. List the prime factors of k.
79
Let z(n) = n**3 + 9*n**2 + 3*n + 6. Let j be z(-4). Suppose 3*p - 22 = j. What are the prime factors of p?
2
Let m(t) = -t**2 - 6*t + 4. Let q be m(-7). What are the prime factors of (12/(-2))/(1 + q)?
3
Suppose 3*a = -5*m + 105, 4*m - 2*a - 68 - 38 = 0. Suppose -t = -2*t + m. List the prime factors of t.
2, 3
Let q(v) = v**3 - 5*v**2 - 2. Let g be ((-9)/(-